1 - 250/(-5). List the prime factors of d/5 - (-16)/40.
11
Suppose 12*j - 14*j + 72 = 0. Let m be (0 + 1)*(-2 + 61). Let c = m - j. List the prime factors of c.
23
Let j = 1761 - 778. List the prime factors of j.
983
Let g(h) = -34*h - 86. What are the prime factors of g(-6)?
2, 59
Let r(v) = -v**3 + 6*v**2 + 14*v - 8. List the prime factors of r(-7).
3, 59
Let f(d) = -2*d**3 - 8*d**2 + 2*d - 4. List the prime factors of f(-9).
2, 197
Let m = -40 + 52. List the prime factors of (120/m - 0/(-2)) + 3.
13
Let z(v) = -5*v - 2. Let j be z(-4). Let p(k) = 6*k - 1 - j - k. What are the prime factors of p(10)?
31
Let f(j) = -3*j + 1. Let z be f(1). List the prime factors of (4 - (-20 - z))*1.
2, 11
What are the prime factors of (-6)/13 + 61989/39?
7, 227
Let g(r) = r**3 + 5*r**2 + 4*r - 4. Let k be g(-3). Suppose 4*d + 3*y = 228, 7*y - 290 = -5*d + k*y. What are the prime factors of d?
2, 3
Suppose -4*g - 3*n + 96 = -56, 2*g - 5*n = 76. Suppose -g*k + 34*k = -220. What are the prime factors of k?
5, 11
Let l(v) be the second derivative of 2*v**4/3 + 11*v**3/6 - 17*v**2/2 - 44*v. What are the prime factors of l(6)?
337
Let s(g) = 2*g**2 - 3*g - 7. Suppose -20 = 3*a - 5*a. What are the prime factors of s(a)?
163
Let d(k) = -9*k**2 - 612*k + 61. What are the prime factors of d(-60)?
13, 337
Let z = 11016 + -6227. List the prime factors of z.
4789
List the prime factors of 5 + (2893 - 3) + 7.
2, 1451
Suppose -4*t + 5*r = -2*t - 33, -4*r - 12 = 0. Let l(h) = h**3 - 9*h**2 + 3. Let a be l(t). Suppose -40 = -a*j + 74. What are the prime factors of j?
2, 19
Suppose -4*a + 5*w - 6 = 7, 2*a + 9 = 3*w. Suppose 5*c + a*j - 86 = 52, c = j + 26. What are the prime factors of (-8 + -1)/((-9)/c)?
3
Let t(y) = 21*y**2 + 5*y - 47. What are the prime factors of t(5)?
503
Suppose 268 - 13 = y. Let a = 384 - y. What are the prime factors of a?
3, 43
What are the prime factors of -1 - 16/(-20) - (-90594)/70?
2, 647
What are the prime factors of -2 + 791 + (8 + -8)/(-1)?
3, 263
Suppose 3*q = 3*k + 2577, -q + 622 = 4*k - 242. List the prime factors of q.
2, 5, 43
Let h be ((-2)/4)/((-11)/7898). Let d = h - 195. List the prime factors of d.
2, 41
Let s(y) = -y**3 + y**2 + y - 1. Let h(g) = 4*g**3 + 9*g**2 - 5*g - 6. Let c(f) = h(f) + 3*s(f). List the prime factors of c(-12).
3, 5
Let z(v) = -v. Let t(q) = -4*q**2 - 3*q + 4. Let p(h) = -t(h) - 6*z(h). Let s be p(-7). Suppose 13*n - s = 10*n. What are the prime factors of n?
43
Suppose -8*b + 3*m + 612 = -12*b, 148 = -b - 2*m. Let p be 0 + (-4 - -1)/(-3). List the prime factors of (p/2)/((-6)/b).
13
Let u = -15 + -14. Let d = u + 22. Let m(n) = -5*n + 8. List the prime factors of m(d).
43
Let t(l) = -232*l + 93. List the prime factors of t(-4).
1021
Let f = 500 + -49. What are the prime factors of f?
11, 41
Suppose 2*j = -10, -40*m + 4495 = -35*m + 4*j. List the prime factors of m.
3, 7, 43
Suppose -3 = f, 347 = -b + 2*b - 4*f. Let a = b - 111. Suppose 0 = -5*x + 3*j + 261, -5*x + 35 = -2*j - a. List the prime factors of x.
3, 17
What are the prime factors of 3/(((-6)/1366)/(-1)) + -5?
2, 3, 113
Let q be (-3)/4 - (-9)/12. Suppose -5*v - 22 + 7 = q. Let i = v - -6. What are the prime factors of i?
3
Let a(z) = 13*z**2 + 122*z - 29. What are the prime factors of a(-17)?
2, 827
Let p = 3700 - 2196. What are the prime factors of p?
2, 47
Let u(y) = 2*y**2 - 2*y + 16. Let k(t) = 3*t**2 - 3*t + 15. Let o(x) = 3*k(x) - 4*u(x). What are the prime factors of o(-10)?
7, 13
Let h be (-2928)/21 - (-12)/28. Let z = -67 - h. What are the prime factors of z?
2, 3
List the prime factors of 453 + (4 - (-5 + 15)/2).
2, 113
Suppose 5*x + 877 = 5*b - 1388, -x + 2253 = 5*b. What are the prime factors of b?
11, 41
Let s be -30 - (4 + (-21)/3). Let m = s - -15. Let k = 53 - m. What are the prime factors of k?
5, 13
Let m(t) = 12*t**2 - 19*t - 8. List the prime factors of m(-6).
2, 269
Let z = -193 + 312. List the prime factors of z.
7, 17
Let l = 11 - -11. Suppose 0 = -2*r + l - 2. Let b(v) = -v**3 + 11*v**2 - 5*v + 1. What are the prime factors of b(r)?
3, 17
Let j(g) = -24*g + 4. Let s(l) = 24*l - 5. Let b(u) = 6*j(u) + 5*s(u). Let w be b(-1). List the prime factors of w*(-3 - (-12)/3).
23
Let f(l) = 8*l - 29. Let k(u) = 9*u - 28. Let z(i) = 5*f(i) - 4*k(i). List the prime factors of z(11).
11
Let b = 1772 - 657. What are the prime factors of b?
5, 223
Let j(l) = l - 2. Let w be j(6). Suppose -2*y - 39 + 51 = 0. Suppose y*k - 136 = w*k. List the prime factors of k.
2, 17
What are the prime factors of 19/(((-77)/(-749))/11)?
19, 107
List the prime factors of (-17)/(((-18)/(-351))/(4/(-3))).
2, 13, 17
Let o be (-1 - 0)*(-78)/2. Let d be (-51)/45 - (-2)/15. List the prime factors of (d/(-3))/(1/o).
13
Let u(t) = t**3 - 7*t**2 + 13*t - 37. List the prime factors of u(9).
2, 11
Suppose -5*p + 8653 = -n, -p - 4*n = -4*p + 5185. What are the prime factors of p?
3, 577
Let p = -97 - -99. Suppose 0 = 2*t - 10, -p*k + 2*t + 368 = -0*k. What are the prime factors of k?
3, 7
Let s = 2727 + -754. List the prime factors of s.
1973
List the prime factors of (5784/(-9))/(34/(-153)).
2, 3, 241
Let l(s) = -2*s + 18. Let i(t) = 3*t - 27. Let a(u) = 5*i(u) + 8*l(u). Let y = -7 - -12. What are the prime factors of a(y)?
2
Let t(i) = -74*i. Let q be t(-1). Let z = 17 + q. List the prime factors of z.
7, 13
Suppose -3*y + 9 = -3*r, 0*y - 2*y = 3*r - 1. List the prime factors of (-2 - r)/((-7)/98).
2, 7
List the prime factors of ((-220)/(-8))/(18/12 + -1).
5, 11
Suppose 4*u - 1896 = 8*u. What are the prime factors of u/(-4) - (-2)/4?
7, 17
Let l(b) be the first derivative of b**6/120 + b**4/24 + 17*b**3/6 - b**2/2 + 3. Let w(a) be the second derivative of l(a). List the prime factors of w(0).
17
Let x be 3/(-3 - -4) - -27. List the prime factors of (-3 - x/(-8))*(-112)/(-1).
2, 3, 7
List the prime factors of (1 + -2)/(6/(-1626)).
271
List the prime factors of 6952/18 - (-134)/(-603).
2, 193
Let u = -77 + 231. Suppose -8*g = -u - 86. List the prime factors of g.
2, 3, 5
Let d be (-4 + 2)*(-9)/6. Let x be 2 + d/4*4. Suppose -x*y = -4*y - 42. List the prime factors of y.
2, 3, 7
Let k = 782 - 374. List the prime factors of k.
2, 3, 17
Let a(r) = r**3 + 2*r**2 - 3*r + 4. Let f be a(-3). List the prime factors of -3 - (f/1 + -40).
3, 11
Let w(a) = -16*a**3. Let z be w(-1). Let j = z + -11. Suppose 3*q = -3*g + 75, -2*q + 0*q = j*g - 128. List the prime factors of g.
2, 13
Let q = 943 - 639. List the prime factors of q.
2, 19
Let k(x) = -19*x**2 + 5*x + 6. Let o(q) = -56*q**2 + 14*q + 18. Let n(m) = 8*k(m) - 3*o(m). List the prime factors of n(-2).
2, 31
Let i = 305 + -181. Suppose i = -o + 5*o. Let g = 1 + o. List the prime factors of g.
2
Let v(o) = o**3 - o**2 - o - 1. Let x be v(2). List the prime factors of 6/2 + x/1.
2
Let y = -65 + 68. Suppose -y*j - 3*m = -0*m - 168, -j = -4*m - 36. What are the prime factors of j?
2, 13
Let i(a) = 5*a + 40. Let b be i(-10). Let l = 57 + b. What are the prime factors of l?
47
Suppose 6*h + 0*h = 336. Let g = -16 + h. What are the prime factors of g?
2, 5
Suppose 23*j - 558 = 20*j. Suppose -5*c = -2*c - j. List the prime factors of c.
2, 31
Let k be (-172)/(-8)*(1 - 3). Let r = 180 - 252. Let d = k - r. List the prime factors of d.
29
Let p(w) = 2*w + 12. Let x be p(-3). List the prime factors of ((-82)/x)/((-5)/15).
41
Let u = 2 + 0. Suppose 7*b - 2*b - u*q = 10, 0 = 3*b + q + 5. Suppose 3*x = 2*r + 29, 2*x = -3*r - b*r + 41. What are the prime factors of x?
13
Suppose 5454 + 1716 = 3*j - 4*p, 12 = 4*p. List the prime factors of j.
2, 3, 7, 19
Let j(p) = 24*p**3 + 3*p**2 - 4*p - 2. List the prime factors of j(2).
2, 97
Let x = -25 - 38. Let a = x - -163. What are the prime factors of a?
2, 5
What are the prime factors of 1 + 2 - (-2 + -2270)?
5, 7, 13
Let y be (20/(-15))/((-2)/3). Let w = 11 - 9. Suppose -3*x = 12, -2*h + 188 = w*h + y*x. What are the prime factors of h?
7
Let u be -54 - (2 - (-1 + 2)). Let f = u - -292. What are the prime factors of f?
3, 79
List the prime factors of (1 + 165/12)/(2/64).
2, 59
Let a(k) = k**3 + 7*k**2 + 6. Suppose -3*l = 21 - 0. Let y be a(l). List the prime factors of (-3)/(y/(-10)) + -2.
3
Let k(s) = -s**3 + 8*s**2 - 8*s + 7. Let g be k(7). Suppose -2*i + 282 - 52 = g. List the prime factors of 